53
Suppose 971 = d + 99. List the prime factors of d.
2, 109
Let p(w) = w**2 + 14 + 4 - 1. Let s be (-9)/(-3) + -1 + -2. List the prime factors of p(s).
17
Let t = -82 - -95. List the prime factors of t.
13
Suppose h + 1 = 5. Suppose 2*r = 5*o + 67, h*o = -4*r - 42 + 218. List the prime factors of r.
41
Let s(l) = -3*l**2 - 7*l + 17. Let o be s(5). Let f = -28 - o. What are the prime factors of f?
5, 13
Suppose 28*h + 3 = 29*h. Suppose h*g + 934 + 104 = 5*u, 3*u = -2*g + 619. What are the prime factors of u?
3, 23
Let z be (-12)/(-7 + 3) + 93. Suppose w + z = 4*w - 3*k, -k = 4*w - 153. List the prime factors of (1 + 0)/(1/w).
37
Let l = -1508 - -2425. List the prime factors of l.
7, 131
Suppose -l - 5*m = -3*m - 27, 111 = 5*l - 2*m. Let i = l + -20. List the prime factors of 4/1 - (-38 - i).
3, 5
Suppose 45*y = 43*y + 16. Suppose y*j + 188 = 10*j. What are the prime factors of j?
2, 47
Suppose -5*g + 4*i = -i + 645, g - 5*i = -113. Let p = 245 + g. List the prime factors of p.
2, 7
Let b be 5/((-15)/(-48)) + -1. Let k = 9 - b. Let z = k - -22. List the prime factors of z.
2
Let h(j) = -j**2 + 10*j - 4. Let q be h(10). Let d(r) = -r**2 - 5*r - 2. Let g be d(q). List the prime factors of 8/(-4) - (g + -8).
2
Suppose -3*j + 12 = 3. Suppose -j*u - 13 = 2. Let q(r) = -4*r + 4. List the prime factors of q(u).
2, 3
Let d(a) = -5*a**2 + 11*a + 8. Let w(k) = k**2 + 1. Let q(p) = d(p) + 6*w(p). Let h be q(-10). What are the prime factors of (h/10)/((-16)/(-720))?
2, 3
Let u be (-4)/(-3) + ((-8)/6 - -3). List the prime factors of (-122)/(-2) + (u - -1).
5, 13
Suppose 3*q + 5*d - 79 = 0, 0 = -2*d - 2*d + 20. Let o = q - 27. List the prime factors of 7/(-63) - 307/o.
2, 17
Suppose 0 = -2*o + 5*h + 196, -3*o + 4*h - 523 = -8*o. What are the prime factors of o?
103
Let y be 30/(-5)*4/6. Let x be 5 - 1 - y/(-1). Suppose x = -4*i - 2*l + 18, i + 4*i = -4*l + 24. List the prime factors of i.
2
Let g(w) be the third derivative of w**6/120 + 7*w**5/30 + 5*w**4/8 + w**3 + 20*w**2. List the prime factors of g(-11).
2, 3, 17
Suppose 78 + 26 = 2*s. Let t be (1452/(-90) - 9) + 4/30. Let c = s + t. List the prime factors of c.
3
Let a be 0/(-1 + 0 + 3). Suppose 4*o - 177 - 79 = a. What are the prime factors of o?
2
Let b(j) be the second derivative of -9*j**3/2 - 9*j**2 + 3*j. What are the prime factors of b(-4)?
2, 3, 5
Let m = -346 + 803. List the prime factors of m.
457
Suppose 22 = 2*u - 5*t + 186, -4*t = -3*u - 260. Let k = 201 + u. List the prime factors of k.
109
Suppose 0 = 5*q - 3*z, 4*q + 2*z - 32 = -2*z. Suppose 115 = q*d - 182. What are the prime factors of d?
3, 11
Suppose 5*n - 6 + 76 = 0. Let q = n + 16. Suppose u = q*d + 14, 3*u - 4*d - 38 = -0*d. What are the prime factors of u?
2, 5
Suppose d = 2, 4*t - 4*d = t + 2005. List the prime factors of t.
11, 61
Let s(l) = l - 1. Let o = 38 - 58. Let y(n) = 8*n - 10. Let f(j) = o*s(j) + 2*y(j). List the prime factors of f(-5).
2, 5
Let n(m) be the second derivative of -8*m**3/3 + 5*m**2/2 - 7*m. Let a be n(-4). Let o = a + -35. What are the prime factors of o?
2, 17
Let t(q) = q**3 + 20*q**2 + 15*q - 14. What are the prime factors of t(-18)?
2, 7, 13
Let v = 592 - -181. List the prime factors of v.
773
Let g(n) = n**3 - 8*n**2 + 7*n - 4. Let b be g(7). Let h(c) = -38*c - 10. Let k be h(b). Suppose -q = q - k. List the prime factors of q.
71
Suppose 3*o - 5*o + 24 = 0. Suppose -5*q + o + 8 = 0. Let n(t) = 3*t**2 + 7*t - 12. List the prime factors of n(q).
2
Let y(r) = r**3 - 8*r**2 + 13*r - 5. Let j be y(7). Suppose -j*g + 204 = -35*g. What are the prime factors of g?
2, 3, 17
Suppose 0 = -5*b - 3*q + 4*q + 50, -q = -3*b + 32. Suppose 0 = 10*i - b*i - 25. Suppose -12 = -d + i. List the prime factors of d.
37
Let h(y) be the third derivative of -3*y**4/8 - 7*y**3/3 - 14*y**2. What are the prime factors of h(-4)?
2, 11
Let c(d) = -93*d + 5. Suppose -114*m = -112*m + 2. What are the prime factors of c(m)?
2, 7
Let t(i) = i**3 - 22*i**2 + 80*i + 11. What are the prime factors of t(22)?
7, 11, 23
Suppose 5*h + 48 = 3*q, 5*q = -3*h + h + 80. Suppose -4*c - r - 8 + 25 = 0, 5*c - 3*r - 17 = 0. Let k = q + c. What are the prime factors of k?
2, 5
What are the prime factors of 1/(-7) + 2234726/518?
2, 3, 719
Let f = -112 - -115. Suppose 5*n + 3*d = -2*d + 1290, f*d - 1027 = -4*n. List the prime factors of n.
11, 23
Suppose 5*s + 23 - 33 = 0. Let n(t) = 1264*t**2 - t + 1. Let v be n(1). What are the prime factors of s/(-6) - v/(-48)?
2, 13
Let v(i) = 2*i + 61. List the prime factors of v(-24).
13
Suppose -39*c + 67860 = -10*c. What are the prime factors of c?
2, 3, 5, 13
Let s = -450 + 161. Let x = 440 + s. What are the prime factors of x?
151
What are the prime factors of -8 + 4 + -6 + 1319?
7, 11, 17
Let t(k) = 2*k**2 - 16*k - 110. List the prime factors of t(-15).
2, 5, 29
Let a(q) = q**2 - 2*q - 13. Let h be a(7). Let w = 13 + h. List the prime factors of w.
5, 7
Suppose 14*o = 3*o + 2761. List the prime factors of o.
251
Let u = 803 - 308. Suppose 5*s - u = 3*t, -2*t + t = -2*s + 198. List the prime factors of s.
3, 11
Let s(q) = 13*q**2 - 17*q + 17. List the prime factors of s(4).
157
Let m(j) be the first derivative of -3 - 4*j**2 + 6*j**2 + 0*j - 5*j. List the prime factors of m(6).
19
Let c = 91 + -55. Suppose 4*u - 44 - c = 0. Let r = u + -2. What are the prime factors of r?
2, 3
Suppose 4*q - 8*q = 156. Let u = -29 - q. Suppose u*r - 80 = 6*r. What are the prime factors of r?
2, 5
Suppose 0 = 22*n - 15*n - 4690. What are the prime factors of n?
2, 5, 67
Suppose -8 = -4*b + 4, -3*b = -2*i + 15. What are the prime factors of i?
2, 3
Suppose 1154 = 9*t - 1231. List the prime factors of t.
5, 53
Let n = -230 - -151. Let o = 0 - n. What are the prime factors of o?
79
Suppose 3*m + q = -98, 2*q - 7*q + 54 = -2*m. Let g = -47 - m. What are the prime factors of 1/5 + (-27)/g?
2
What are the prime factors of (-1)/(-5) - (-17862)/65?
5, 11
Let m = -2273 + 4024. What are the prime factors of m?
17, 103
Let c = 5 + -1. Let t be 1/c - 2/8. Suppose 3*o - m - 105 = -t*o, 0 = -3*o - m + 105. What are the prime factors of o?
5, 7
Suppose -125*j + 127*j = 3702. What are the prime factors of j?
3, 617
Let i = 325 + 605. What are the prime factors of i?
2, 3, 5, 31
Suppose 0 = -3*k + 5*k - 10. Suppose 0*y = k*y - 30. What are the prime factors of (-186)/9*y/(-4)?
31
Let b(w) = -2*w**2 - w. Let l(k) = k**3 - k**2 - 11. Let z(h) = 3*b(h) + l(h). Let m be (-3)/(-5) + 74/10. What are the prime factors of z(m)?
29
Let t = 4 + -2. Suppose -3*n = t*j - 8, -2*n + 0*n + 16 = -4*j. Let p(a) = 5*a**2 - 2*a - 1. What are the prime factors of p(j)?
23
Suppose -10 = -p - p. Let c = 32 - -44. Suppose -i = p, -3*x - 2*i = -i - c. List the prime factors of x.
3
Let q = 31 - -1946. List the prime factors of q.
3, 659
Let v = 933 - -2032. What are the prime factors of v?
5, 593
Suppose -42*d + 139941 = 29*d. List the prime factors of d.
3, 73
Let u(v) = 4*v + 5. Let a be u(-2). Let c(l) = 50*l - 4. Let t(k) = -17*k + 1. Let m(w) = -6*c(w) - 17*t(w). What are the prime factors of m(a)?
2, 5
Let w(p) = 2*p**2 - p + 4. Let f = -34 - -37. What are the prime factors of w(f)?
19
Let q be (-11)/(-5) - (-8)/(-40). Let u(t) = t**2 - 1 + 4*t - 5 - q + 0. What are the prime factors of u(4)?
2, 3
Suppose 2*x + 5*j - 1582 - 1260 = 0, 4*j = -3*x + 4249. What are the prime factors of x?
17, 83
Suppose 25 = -4*g + 3*x, 4*x = 3*g + g + 24. Let k = g + 43. List the prime factors of k.
2, 3
Let n = 23 - 15. Suppose n*s - 720 = -0*s. What are the prime factors of s?
2, 3, 5
Suppose -56 = k - 58. Let j be (4/6)/((-2)/(-6)). What are the prime factors of 10*j*3/k?
2, 3, 5
Let z = 138 - -548. What are the prime factors of z?
2, 7
Let p be -2 + 1 + (0 - -1). Let k = p + 69. What are the prime factors of k?
3, 23
Let m = 4594 + -1309. What are the prime factors of m?
3, 5, 73
Let l(r) = 14*r + 2. Let h be l(-4). Let b = 12 - h. What are the prime factors of b?
2, 3, 11
Suppose 5*i = -0 + 5. Let n be ((-3)/(-2))/(3/((-12)/(-2))). Suppose n*m - 206 = -o, i = -o + 3. List the prime factors of m.
2, 17
Let k(o) = -3*o**3 - 3*o**2 + 3*o + 1. Let c(p) = 5*p**3 + 5*p**2 - 6*p - 2. Let v(a) = 4*c(a) + 7*k(a). What are the prime factors of v(-4)?
59
Let i(q) = q**2 - q - 4. Le